- 3*d + 5. Determine k(2).
3
Let y(q) = 2*q + 32. What is y(-14)?
4
Let s(m) = -21*m**3 - m + 1. What is s(1)?
-21
Let f(l) = -l**3 - 4*l**2 + 12*l. What is f(-6)?
0
Let r(n) = -n**3 - 18*n**2 - 17*n - 6. What is r(-17)?
-6
Let g(j) = -j + 10. Determine g(3).
7
Let m(a) = -a - 10. Give m(12).
-22
Let l(h) = 4*h - 10. Calculate l(4).
6
Let b(y) = -2*y**2 - 8*y + 17. Calculate b(-6).
-7
Let x(k) = k**3 - 5*k**2 + k - 2. Determine x(5).
3
Let s(q) = -3*q**3 - 6*q + 4. Give s(0).
4
Let b(j) = -5*j + 64. Give b(11).
9
Let i(a) = a + 21. Calculate i(-15).
6
Let d(f) = f**3 + 7*f**2 - 19*f - 3. Determine d(-9).
6
Let d(x) = x**2 + 15*x + 18. Calculate d(-13).
-8
Let m(a) = a**2 + 16*a - 14. Give m(-10).
-74
Let o(z) = -2*z**2 - 5*z - 10. What is o(-2)?
-8
Let y(c) = -c**2 + 46*c + 61. What is y(47)?
14
Let s(q) = -q**2 - 9*q + 33. Determine s(-12).
-3
Let g(c) = c**3 - 8*c**2 - 17*c - 11. Determine g(10).
19
Let m(a) = a**3 + 10*a**2 - 11*a - 13. Give m(-11).
-13
Let h(y) = -3*y**3 + 4*y**2 - 2*y. Calculate h(2).
-12
Let p(u) = u**2 - 15*u + 3. Calculate p(12).
-33
Let y(q) = -2*q**3 - 6*q**2 - 4*q - 3. Calculate y(-2).
-3
Let b(j) = -j**3 + 18*j**2 - 30*j - 16. Calculate b(16).
16
Let y(s) = 3*s**2 + 38*s - 11. Calculate y(-13).
2
Let w(m) = -m - 19. Determine w(-6).
-13
Let x(h) = h - 24. Calculate x(4).
-20
Let a(v) = v**3 + 3*v**2 - 4*v - 3. Determine a(-3).
9
Let d(p) = -12*p + 138. Give d(10).
18
Let w(r) = -r**3 + 20*r**2 + 26*r - 20. What is w(21)?
85
Let l(g) = g**3 - g**2 + 3*g + 19. Determine l(0).
19
Let k(o) = o**3 + 5*o**2 - 1. What is k(-4)?
15
Let h(u) = 4*u - 16. Give h(-10).
-56
Let n(w) = -4*w - 1. Determine n(-2).
7
Let q(u) = -u - 15. Give q(18).
-33
Let d(t) = -t**2 - 34*t + 226. Determine d(-39).
31
Let i(w) = 2*w**2 - 54*w + 60. Calculate i(26).
8
Let j(d) = 3*d**2 - 5*d - 2. Calculate j(4).
26
Let h(o) = o + 26. What is h(-12)?
14
Let b(y) = 2*y**3 - 3*y**2 - 9*y + 10. Give b(4).
54
Let b(o) = -10*o - 7. Determine b(-2).
13
Let t(v) = v**2 + 9*v - 6. Calculate t(-11).
16
Let y(v) = -7*v**2 + 2*v - 3. Calculate y(-3).
-72
Let h(r) = r**2 - 2*r - 8. Determine h(9).
55
Let v(t) = -4*t**2 - 4*t - 4. Calculate v(-2).
-12
Let o(q) = -17*q + 6. What is o(3)?
-45
Let j(k) = -3*k**2 - k + 12. Give j(0).
12
Let f(o) = 3*o**2 + 23*o + 43. Determine f(-2).
9
Let c(s) = -2*s - 22. What is c(-24)?
26
Let f(d) = -d**3 + 14*d**2 + 14*d + 10. What is f(15)?
-5
Let l(k) = -4*k**3 - 3*k**2 + 2. Calculate l(-2).
22
Let r(s) = 3*s - 10. Give r(0).
-10
Let j(h) = 2*h**3 + 2*h**2 + 14*h - 25. Determine j(2).
27
Let y(w) = 5*w + 5. Give y(-4).
-15
Let b(l) = l**2 - 9*l - 29. What is b(12)?
7
Let t(z) = -z**2 - 3*z + 3. Calculate t(-4).
-1
Let q(k) = -73*k + 808. Give q(11).
5
Let u(d) = d**2 - 2*d - 4. Determine u(-3).
11
Let i(o) = o**2 - 7. What is i(8)?
57
Let x(d) = -d**3 - 5*d**2 + 3*d + 5. Determine x(-6).
23
Let u(m) = 2*m**2 - 42*m + 20. What is u(20)?
-20
Let i(j) = -10*j + 3. Determine i(-3).
33
Let g(i) = i**3 - 45*i**2 - 47*i + 27. Determine g(46).
-19
Let s(t) = 388*t - 1172. Determine s(3).
-8
Let c(x) = -x + 11. Give c(-10).
21
Let c(q) = 15*q + 99. Give c(-9).
-36
Let d(k) = -k**3 - 18*k**2 + 3*k + 35. Determine d(-18).
-19
Let d(l) = 2*l**2 - 113*l - 60. What is d(57)?
-3
Let s(i) = i**2 - 42*i - 97. Determine s(44).
-9
Let s(w) = w**3 - 7*w**2 + 5*w - 15. What is s(7)?
20
Let y(o) = -2*o - 44. Determine y(-18).
-8
Let c(a) = 2*a**2 - 75*a + 295. Determine c(33).
-2
Let m(v) = -v**3 + 4*v**2 - 2*v - 7. What is m(5)?
-42
Let g(k) = 11*k**2. What is g(2)?
44
Let c(s) = -10*s - 7. Give c(-2).
13
Let k(l) = -2*l**2 + 17*l - 8. What is k(8)?
0
Let t(d) = d - 16. What is t(0)?
-16
Let q(s) = 2*s - 6. What is q(-1)?
-8
Let j(p) = p**2 - 5*p + 1. Determine j(7).
15
Let t(f) = -f**3 - 15*f**2 - 3*f + 31. Calculate t(-15).
76
Let l(c) = -c**3 + 4*c**2 + 3*c - 13. Determine l(3).
5
Let n(i) = 156*i + 330. Give n(-2).
18
Let z(v) = -v**3 + 2*v**2 - 4*v + 6. Give z(3).
-15
Let v(n) = 8*n**2 - 4*n - 3. What is v(-2)?
37
Let p(f) = 46*f - 7. What is p(4)?
177
Let j(w) = -w**3 + 18*w**2 - 15*w - 58. Calculate j(17).
-24
Let h(c) = 3*c**2 + 47*c + 92. Determine h(-2).
10
Let h(f) = -f - 24. What is h(16)?
-40
Let k(n) = -n**2 - 14*n - 25. What is k(-7)?
24
Let h(w) = -7*w - 1. What is h(-13)?
90
Let r(v) = 24*v**2 - v. Determine r(1).
23
Let b(l) = -l - 7. Calculate b(4).
-11
Let v(t) = t**2 + 41*t - 39. What is v(-42)?
3
Let b(o) = o**3 - 8*o**2 + 15*o + 4. Determine b(6).
22
Let v(r) = 10*r + 43. Give v(-4).
3
Let p(g) = -g**3 - 9*g**2 + 9*g - 15. Give p(-10).
-5
Let i(z) = 4*z**3 - z + 3. Give i(-2).
-27
Let d(g) = g**3 - 5*g**2 - 4*g + 1. Determine d(-3).
-59
Let o(b) = b**2 - b - 7. Give o(3).
-1
Let s(i) = -19*i + 3. What is s(-2)?
41
Let h(t) = t**3 + 6*t**2 - 2. Calculate h(-4).
30
Let y(z) = -z**2 - 47*z - 327. What is y(-39)?
-15
Let v(k) = -k**3 - 6*k**2 + 8*k + 15. Calculate v(-6).
-33
Let r(g) = -g**3 - 7*g**2 - 6*g - 1. Calculate r(-6).
-1
Let s(a) = -2*a + 8. What is s(0)?
8
Let p(x) = x**2 - 6*x - 9. What is p(14)?
103
Let v(b) = b**3 - 13*b**2 + 23*b - 10. What is v(10)?
-80
Let y(d) = 2*d - 44. What is y(18)?
-8
Let g(z) = 7*z + 4. Give g(-2).
-10
Let j(l) = l**2 - 3. What is j(-3)?
6
Let u(o) = 2*o**3 + 4*o**2 + o. Determine u(-3).
-21
Let k(g) = -2*g**3 + 26*g**2 + g - 24. Give k(13).
-11
Let m(a) = a**3 + 26*a**2 + 26*a + 19. Give m(-25).
-6
Let i(y) = y - 9. Give i(5).
-4
Let n(l) = -l**2 - 12*l + 32. Determine n(-14).
4
Let k(c) = -c**2 + 8*c + 6. Give k(8).
6
Let i(y) = y**3 + 20*y**2 + 84*y - 8. Calculate i(-14).
-8
Let j(f) = 2*f**2 - 36*f - 78. Determine j(-2).
2
Let f(s) = 6*s - 107. What is f(17)?
-5
Let g(o) = -2*o + 12. Calculate g(10).
-8
Let o(q) = -45*q - 362. Give o(-8).
-2
Let j(s) = 87*s**2 + 2*s + 1. Give j(-1).
86
Let v(z) = -z**2 - 20*z - 101. What is v(-9)?
-2
Let u(g) = g**2 + 7*g + 3. Give u(-5).
-7
Let o(n) = -n**3 - 5*n**2 - 5*n - 1. What is o(-4)?
3
Let v(d) = -d + 1. Give v(2).
-1
Let t(v) = v**3 + 6*v**2 + 42*v + 248. What is t(-6)?
-4
Let d(k) = -k**3 + 8*k**2 + 21*k - 9. What is d(10)?
1
Let i(k) = k + 32. What is i(0)?
32
Let a(x) = 80*x - 403. Determine a(5).
-3
Let h(b) = -b + 1. Give h(7).
-6
Let l(n) = -7*n + 14. What is l(-5)?
49
Let r(c) = c**3 + 4*c**2 + 2*c. Determine r(-3).
3
Let o(x) = -8*x - 6. What is o(-4)?
26
Let i(o) = 3*o - 10. What is i(6)?
8
Let b(u) = u**2 - 16*u + 12. Calculate b(15).
-3
Let h(r) = -12*r - 3. Determine h(-2).
21
Let i(r) = -r**2 + 6*r - 12. Give i(5).
-7
Let h(a) = a**2 + 6*a - 6. Determine h(-8).
10
Let h(g) = g**3 + 13*g**2 - 28*g + 34. Determine h(-15).
4
Let a(y) = -12*y + 5. What is a(2)?
-19
Let o(p) = -p + 1. What is o(-8)?
9
Let f(s) = -2*s**3 + 13*s**2 - 6*s + 10. Calculate f(6).
10
Let x(z) = z**2 - 17*z + 12. Calculate x(17).
12
Let c(d) = -d**3 - 10*d**2 + d + 18. What is c(-10)?
8
Let w(a) = 20*a + 79. What is w(-4)?
-1
Let g(j) = -j. Give g(-18).
18
Let l(b) = -b**2 + 6*b + 14. Calculate l(7).
7
Let a(p) = -4*p - 18. Determine a(6).
-42
Let b(z) = -19*z + 11. Calculate b(3).
-46
Let s(d) = d**2 - d - 3. Give s(4).
9
Let a(u) = -u**3 - 6*u**2 - 2. What is a(-6)?
-2
Let i(f) = -31*f + 211. What is i(7)?
-6
Let x(h) = -2*h**2 + 3*h - 3. Give x(3).
-12
Let y(b) = -b**2 - 36*b - 121. Determine y(-4).
7
Let b(y) = 7*y + 132. Give b(-18).
6
Let g(f) = f**3 + 6*f**2 + 2*f + 6. What is g(-4)?
30
Let m(f) = -3*f + 2. Give m(3).
-7
Let u(d) = -d**2 + 14. Give u(-9).
-67
Let x(n) = n**3 + 12*n**2 + 11*n - 4. Give x(-11).
-4
Let l(j) = -j**3 + 5*j**2 - 4*j + 2. Calculate l(3).
8
Let o(y) = y**3 + y**2 - 18*y + 6. What is o(-5)?
-4
Let p(w) = -w**3 + 15*w**2 - 51*w + 11. Give p(10).
1
Let g(u) = -u**3 - 4*u**2 + 8. Determine g(-3).
-1
Let b(y) = -39*y + 146. Give b(4).
-10
Let s(i) = i**2 - 12*i - 12. What is s(9)?
-39
Let w(h) = 35*h**2 + 5*h + 3. What is w(-1)?
33
Let o(m) = m**3 - 16*m**2 - 5*m + 70. Determine o(16).
-10
Let f(i) = -i**3 + 15*i**2 - 29*i + 31. Calculate f(13).
-8
Let r(w) = 6*w - 79. Give r(12).
-7
Let o(d) = 2*d**2 + 97*d - 195. Calculate o(2).
7
Let k(d) = -22*d**3 - d. Calculate k(1).
-23
Let l(d) = -3*d - 76. What is l(-24)?
-4
Let n(t) = t**2 - 6*t - 17. What is n(10)?
23
Let w(f) = 14*f - 757. What is w(54)?
-1
Let b(l) = l**3 - 14*